te number?
True
Let n be ((-1)/((-2)/(-4)))/2. Let j = n + 4. Suppose -73 = -5*k - 2*o, k + j*k - o - 48 = 0. Is k a composite number?
False
Suppose -3*z + 1 = -z - 3*i, 2*i = 2. Let w = z + -2. Is -1 + w - (3 + -87) prime?
True
Let r(a) = a**3 + 13*a**2 - 22*a - 29. Is r(-14) prime?
True
Suppose 4 = -0*v + 4*v. Suppose -y - 3 - 5 = -5*u, -4*u - y = -v. Is 48 - (u - (0 - -2)) a composite number?
True
Let g = -14 + 36. Let y be (-11 + 11)/(1 - -1). Suppose g = 2*i - y. Is i a prime number?
True
Suppose -2*y - 6 = 0, 3*x + 5*y = 2*x + 614. Is x composite?
True
Suppose 5*f + c = 935, 5*f - 4*c - 526 = 409. Let b = -92 + f. Is b prime?
False
Suppose 14*q + 12505 = 19*q. Is q a prime number?
False
Suppose -38 + 613 = 5*a. Is a a prime number?
False
Let d be (6/(-4))/(9/12). Is 0/3 - 186/d a composite number?
True
Is (18*75)/2 - (-4 + 6) a prime number?
True
Let y = 3414 - 1097. Is y a prime number?
False
Suppose -19 = -g + 2*h - 6, -61 = -2*g - 3*h. Is g composite?
False
Suppose -l + 0*l = 3*n - 146, 0 = 2*l - 2*n - 252. Let d = l + -94. Is d prime?
True
Suppose -236 = 4*s - 8*s. Is s prime?
True
Suppose 2*v = v + 69. Is v prime?
False
Is 1743*(35/15 - 2) composite?
True
Let l = -75 - -340. Is l composite?
True
Suppose 5*f - 7*f + 12 = 0. Suppose 0 = 4*b + f - 14. Suppose 7 = 3*v - b*v. Is v a prime number?
True
Let k(j) = -5 - j**3 + 2*j**2 + 8 - j + 4*j + 0*j. Suppose 3*a + 10 = -2*a. Is k(a) prime?
True
Let d(v) be the second derivative of -v**5/4 - 7*v**4/12 + v**3/3 + 5*v**2/2 + 4*v. Is d(-5) prime?
False
Suppose d - 1 = 5. Let v be 21/9 - (-4)/d. Suppose -v*o + 11 = 2. Is o a prime number?
True
Let f be (36/2)/(4/14). Let w(q) = -q**2 + 4*q. Let v be w(3). Suppose f = v*b - 42. Is b composite?
True
Let w = -1 - -8. Suppose 5*a + 25 = 5*h, 4*h + 2*a - 25 = w*a. Suppose h = 3*i + 9, -i + 16 = d + 4*i. Is d a composite number?
False
Let j = 63 - -16. Is j a composite number?
False
Suppose -24 = a - 103. Is a prime?
True
Let o = 6 + 3. Suppose -1 = 5*h + o. Is (-97)/(-2*h/(-4)) a prime number?
True
Let q = -833 - -1170. Let l = q - 114. Is l a composite number?
False
Suppose 0 = 3*f - 3*l + 9, -f = 3*f + 5*l - 15. Suppose -5*q + f*q + 680 = 0. Suppose q = 3*p + 5*z, 2*p + 21 = -4*z + 115. Is p prime?
True
Suppose k = -5*u + 45, 2 - 29 = -3*u - 4*k. Let t be 6*(-3)/u*-2. Suppose d + t*f - 82 = -13, 3*d + f - 262 = 0. Is d a composite number?
False
Suppose 5*o = -2 + 17. Suppose -46 = -5*x + 174. Suppose -o*n + x = -67. Is n a prime number?
True
Let f(u) = -u**2 + 7*u + 1. Let s be f(5). Suppose 1 = -2*v - t, -4*t - s - 11 = -v. Suppose -4*a + v*x = -0*a - 46, -2*a - x = -17. Is a a composite number?
True
Let n(x) = -x**2 - 2*x + 3. Let j be n(4). Suppose r = -3*f + 46 + 117, 5*r - 59 = -f. Let l = f + j. Is l composite?
True
Let k = 12 + -7. Let x = k + 0. Suppose -x*v - 110 = -10*v. Is v a composite number?
True
Let w(q) = -q**2 - 6*q. Let m be w(-6). Suppose m = -27*z + 25*z + 14. Is z prime?
True
Suppose 0*f - v - 116 = -3*f, -4*f + v = -156. Suppose 0 = b - 15 - f. Is b a prime number?
False
Let z(g) = g**3 - g**2 - g + 2. Let u be z(-2). Is (-3 + 1)*1564/u a prime number?
False
Let q(d) = -5 - d**3 - 4*d**2 - 3*d**2 - 2*d**2 - d. Let k be q(-9). Suppose 0 = k*n + 5*a - 200, 3*n - 4*a + 36 - 217 = 0. Is n prime?
False
Suppose 8 = m - 19. Let a = m + 10. Is a a composite number?
False
Let b(a) = a**3 + 5*a**2 - 5*a + 8. Let t = -15 + 9. Let c be b(t). Suppose 0*r - 139 = -3*w - r, -c*w = 3*r - 88. Is w a prime number?
True
Let f = 9 + -9. Let t(g) = g + 259. Is t(f) a prime number?
False
Let q be 6/(2 - 21/6). Is 3 - 304/(2 + q) prime?
False
Let q be (-18)/6*(-8)/6. Suppose -y + 9 = -q*g - 16, 2*y + g - 23 = 0. Is y composite?
False
Let c(v) = -v**2 + v. Let o(m) = 6*m**2 - 4*m - 1. Let w(g) = 5*c(g) + o(g). Is w(-5) a prime number?
True
Let m(q) = -q - 11. Let a be m(-13). Let g(h) = 25*h + 1. Is g(a) a prime number?
False
Let r(n) = -118*n + 27. Is r(-7) prime?
True
Let i be 0 - (-1 - (0 - 3)). Let k be (-5 - -3)/i*9. Let b = 49 + k. Is b a composite number?
True
Let b(l) = l**2 + 6*l - 1. Let g(s) = -5*s**2 - 30*s + 5. Let o(h) = -11*b(h) - 2*g(h). Let v be o(-5). Suppose -3*x + x + v = 0. Is x a prime number?
True
Let u be (-136)/(-3) - 6/(-9). Let v(z) = z**3 + z**2 - 5*z - 4. Let b be v(-4). Let s = b + u. Is s prime?
False
Suppose -5*y = -2*y - 6. Suppose 3*l + y*k = -0*l + 503, 5*l - 2*k = 833. Is l a prime number?
True
Let j(v) be the third derivative of -4*v**4/3 - 5*v**3/6 + 4*v**2. Is j(-6) a prime number?
False
Suppose 2 = -4*y + 3*i, 0*y - 2*y + 10 = 4*i. Let o(s) = -8909*s**2 + 649. Let z(r) = -55*r**2 + 4. Let w(p) = 4*o(p) - 649*z(p). Is w(y) prime?
True
Suppose -14 = p + 4*m, 4*p - m + 2*m = 19. Let z(v) = -66*v - 6. Let f be z(p). Is (-1)/((-3)/f*-2) a prime number?
True
Let w(h) = 2609*h - 38. Is w(3) composite?
False
Let z(d) = -d**3 + 2*d + 2. Let n be z(3). Let x = 38 + n. Is x a prime number?
True
Suppose 2*g = 5*p + 319, 2*g - p = -3*g + 786. Is g a composite number?
False
Suppose -4*r + 3 - 15 = 0. Is (-10 - r)/((-5)/55) a composite number?
True
Let i = 188 + -30. Is i a composite number?
True
Let y be (0/(-1))/(0 - 2). Suppose y = -2*q + q + 6. Is q a prime number?
False
Let l = 6 - 6. Suppose -4*b + 201 = 5*m, m + 4*b = -l*m + 53. Is m a prime number?
True
Let y = 7 + -8. Is (y - 81)/((-4)/6) a composite number?
True
Let u(y) = 9*y + 2. Let w be u(5). Suppose 4*m + 2*g + 45 + 21 = 0, -3*m + g = w. Let p = m + 31. Is p prime?
False
Let p = 153 + 316. Is p a composite number?
True
Let a(g) = 9*g**3 + 4*g**2 + 4*g + 1. Let t be a(-3). Let b = -331 + 204. Let h = b - t. Is h a composite number?
True
Let p be 2*((-6)/(-4))/1. Suppose p*x + 10 = -2*x. Is (43/x)/((-5)/10) a composite number?
False
Suppose -3*n + 2804 - 683 = 0. Is n a prime number?
False
Suppose -b + 3*b = u + 1423, 1438 = 2*b - 4*u. Is b composite?
False
Let c(f) be the first derivative of -10*f**3/3 + f**2/2 - f + 1. Let w(v) be the first derivative of c(v). Is w(-1) a prime number?
False
Suppose -1 + 4 = 3*q. Suppose a - q = -3. Is 0 + 237 + a + 0 prime?
False
Suppose 2*q - 2*i = -2, 0 = 4*q + i + 1 - 2. Let l be (-29)/(-3) - 1/(-3). Let a = l - q. Is a composite?
True
Suppose -4*i + 27 = -m, i + 0 = -3*m + 23. Suppose -20 = -5*w + 2*q, -4*w + q + i = -2*w. Suppose -3*a - 2*a - n = -25, 5*a = -w*n + 10. Is a prime?
False
Let x = -6 - 0. Let q(a) = 3*a**2 - 10*a - 9. Let g be q(x). Suppose -3*j = -0*j - g. Is j a prime number?
True
Suppose 11 - 2 = -3*o, 0 = 2*w + 3*o - 361. Is w a prime number?
False
Let w(f) = -24*f**3 - f**2. Is w(-1) composite?
False
Let s(u) = 126*u**2 - 2*u - 1. Is s(-1) composite?
False
Let p = -37 + 171. Is p composite?
True
Let n = -6248 + 9037. Is n a prime number?
True
Let b be -1 + (-2)/(0 - 2). Suppose 2*q - 89 - 13 = b. Is q a composite number?
True
Suppose -s + 472 = -3*w, -3*w + 3*s - 621 = w. Is (w/6)/(1/(-2)) a composite number?
False
Let s be 3/(-9) - 151/(-3). Suppose -n = 5*x - 5*n + 53, -56 = 5*x - 3*n. Let p = x + s. Is p prime?
True
Suppose 238 = -4*l + 6*l. Is l a composite number?
True
Let m = -1222 + 2193. Is m composite?
False
Suppose 3*s = 3*x - x + 890, s + 3*x - 315 = 0. Suppose -s = v - 5*v. Suppose 0*m = -5*m + v. Is m prime?
False
Let s = 6299 + -2212. Is s prime?
False
Let k(f) = -11*f - 20. Is k(-21) composite?
False
Suppose 2*s + s - c - 480 = 0, 164 = s + c. Is s prime?
False
Let p = -1 - -5. Suppose -2*b + 254 = p*r, 4*b - 815 = r - 298. Is b composite?
True
Is 1 - (-16)/(-10) - (-5873)/5 composite?
True
Let z(v) be the first derivative of 2*v**3/3 + v + 3. Let u be z(-1). Suppose -u*p + p = -326. Is p a composite number?
False
Let j(z) = -z - 3. Let y be j(-5). Let m = y - -1. Suppose -5 = m*x + 4, x - 12 = -o. Is o a prime number?
False
Let t = 24 + -2. Let q = 75 + t. Suppose -4*p = 9 - q. Is p a prime number?
False
Let q(m) = m**2 - m + 2. Let p be q(0). Suppose -158 = -p*h - 3*x, x + 3*x = h - 101. Is h composite?
True
Let v(t) = -8*t + 27. Is v(-23) a composite number?
False
Let d = -11 - -6. Let k(c) = c**2 + 2*c + 6. Let v be k(d). Suppose q - 22 = -4*o, 0 = 2*q - 3*o - v - 23. Is q prime?
False
Let n = 667 + -1023. Is (-2 - 12/(-8))*n composite?
True
Let l = -2 - 4. Let z be (34/l)/(3/(